{"id":81,"date":"2017-10-02T15:25:22","date_gmt":"2017-10-02T14:25:22","guid":{"rendered":"http:\/\/mel.yellowcox.fr\/?page_id=81"},"modified":"2025-12-18T15:33:07","modified_gmt":"2025-12-18T14:33:07","slug":"documentaire-video","status":"publish","type":"page","link":"http:\/\/melaniegerber.fr\/index.php\/documentaire-video\/","title":{"rendered":"Musique \u00e0 l&rsquo;image"},"content":{"rendered":"\n<p><strong>Les contes des miracles<\/strong>, contes de No\u00ebl r\u00e9alis\u00e9s pour le d\u00e9partement de la Moselle avec la <a href=\"https:\/\/www.facebook.com\/profile.php?id=100073225847867\">Cie des Miracles. <\/a><\/p>\n\n\n\n<iframe loading=\"lazy\" width=\"100%\" height=\"450\" scrolling=\"no\" frameborder=\"no\" allow=\"autoplay\" src=\"https:\/\/w.soundcloud.com\/player\/?url=https%3A\/\/api.soundcloud.com\/playlists\/2027103870&#038;color=%235656a1&#038;auto_play=false&#038;hide_related=false&#038;show_comments=true&#038;show_user=true&#038;show_reposts=false&#038;show_teaser=true\"><\/iframe><div style=\"font-size: 10px; color: #cccccc;line-break: anywhere;word-break: normal;overflow: hidden;white-space: nowrap;text-overflow: ellipsis; font-family: Interstate,Lucida Grande,Lucida Sans Unicode,Lucida Sans,Garuda,Verdana,Tahoma,sans-serif;font-weight: 100;\"><a href=\"https:\/\/soundcloud.com\/user-984529584-741120565\" title=\"melaniegerber\" target=\"_blank\" style=\"color: #cccccc; text-decoration: none;\" rel=\"noopener\">melaniegerber<\/a> \u00b7 <a href=\"https:\/\/soundcloud.com\/user-984529584-741120565\/sets\/les-contes-des-miracles\" title=\"Les contes des miracles\" target=\"_blank\" style=\"color: #cccccc; text-decoration: none;\" rel=\"noopener\">Les contes des miracles<\/a><\/div>\n\n\n\n<hr class=\"wp-block-separator has-css-opacity\"\/>\n\n\n\n<strong>Le Sentier des Lanternes \u00e9dition 2020 de Metz, en vid\u00e9o immersive \u00e0 360\u00b0.<\/strong>\n<p><p>\n<iframe loading=\"lazy\" width=\"560\" height=\"315\" src=\"https:\/\/www.youtube.com\/embed\/jjeIFqDlbPs\" frameborder=\"0\" allow=\"accelerometer; autoplay; clipboard-write; encrypted-media; gyroscope; picture-in-picture\" allowfullscreen><\/iframe><\/p>\n<hr \/>\n\n\n<strong>Une balade sur le Sentier des Lanternes imagin\u00e9e par le Th\u00e9\u00e2tre Dest et Olivier Dupuis.\nR\u00e9alisation why.vision<\/strong>\n<p><p>\n<iframe loading=\"lazy\" width=\"560\" height=\"315\" src=\"https:\/\/www.youtube.com\/embed\/LvwN7pp0-yg\" frameborder=\"0\" allow=\"accelerometer; autoplay; clipboard-write; encrypted-media; gyroscope; picture-in-picture\" allowfullscreen><\/iframe><\/p>\n<hr \/>\n\n\n<strong>Vid\u00e9o pr\u00e9sent\u00e9e aupr\u00e8s de la commission d&rsquo;experts de l&rsquo;UNESCO pour le concours de Metz au titre de Patrimoine Mondial.<\/strong>\n<p><p><iframe loading=\"lazy\" src=\"https:\/\/www.youtube.com\/embed\/UCOja_4VYQc\" width=\"560\" height=\"315\" frameborder=\"0\" allowfullscreen=\"allowfullscreen\" data-mce-fragment=\"1\"><\/iframe><\/p>\n<hr \/>\n\n<p><strong>Cr\u00e9ation musicale pour le court m\u00e9trage \u00ab\u00a0Vaudeville\u00a0\u00bb<\/strong>\n<p><iframe loading=\"lazy\" src=\"https:\/\/player.vimeo.com\/video\/193869194?dnt=1&amp;app_id=122963\" width=\"790\" height=\"444\" frameborder=\"0\" allow=\"autoplay; fullscreen; picture-in-picture; clipboard-write; encrypted-media; web-share\" referrerpolicy=\"strict-origin-when-cross-origin\"><\/iframe><\/p>\n<p>par H\u00e9l\u00e8ne Abram &#8211; DOP Elie Girard &#8211; Prod La vie est Belle films<\/p>\n<p><\/p><p><\/p>\n\n<hr \/>\n<p><\/p><p><\/p>\n<strong>Habillages sonores pour un parcours num\u00e9rique en audio guide avec support vid\u00e9o 3D. Sites Moselle Passion<\/strong>\n<p><\/p>\n<iframe loading=\"lazy\" src=\"https:\/\/w.soundcloud.com\/player\/?url=https%3A\/\/api.soundcloud.com\/playlists\/976024432&amp;color=%239e816e&amp;auto_play=false&amp;hide_related=false&amp;show_comments=true&amp;show_user=true&amp;show_reposts=false&amp;show_teaser=true\" width=\"100%\" height=\"450\" frameborder=\"no\" scrolling=\"no\"><\/iframe><\/p>\n","protected":false},"excerpt":{"rendered":"<p>Les contes des miracles, contes de No\u00ebl r\u00e9alis\u00e9s pour le d\u00e9partement de la Moselle avec la Cie des Miracles. melaniegerber \u00b7 Les contes des miracles Le Sentier des Lanternes \u00e9dition 2020 de Metz, en vid\u00e9o immersive \u00e0 360\u00b0. Une balade sur le Sentier des Lanternes imagin\u00e9e par le Th\u00e9\u00e2tre Dest et Olivier Dupuis. R\u00e9alisation why.vision&hellip; <\/p>\n","protected":false},"author":1,"featured_media":84,"parent":0,"menu_order":0,"comment_status":"closed","ping_status":"closed","template":"","meta":{"footnotes":""},"class_list":["post-81","page","type-page","status-publish","has-post-thumbnail","hentry"],"yoast_head":"<!-- This site is optimized with the Yoast SEO plugin v20.8 - https:\/\/yoast.com\/wordpress\/plugins\/seo\/ -->\n<title>vid\u00e9o \u00e0 l&#039;image documentaire - m\u00e9laniegerber<\/title>\n<meta name=\"description\" content=\"cr\u00e9ation musicale pour le cin\u00e9ma, la vid\u00e9o \u00e0 l&#039;mage, le documentaire par M\u00e9lanie Gerber, compositrice musicale\" \/>\n<meta name=\"robots\" content=\"index, follow, max-snippet:-1, max-image-preview:large, max-video-preview:-1\" \/>\n<link rel=\"canonical\" href=\"http:\/\/melaniegerber.fr\/index.php\/documentaire-video\/\" \/>\n<meta property=\"og:locale\" content=\"fr_FR\" \/>\n<meta property=\"og:type\" content=\"article\" \/>\n<meta property=\"og:title\" content=\"vid\u00e9o \u00e0 l&#039;image documentaire - m\u00e9laniegerber\" \/>\n<meta property=\"og:description\" content=\"cr\u00e9ation musicale pour le cin\u00e9ma, la vid\u00e9o \u00e0 l&#039;mage, le documentaire par M\u00e9lanie Gerber, compositrice musicale\" \/>\n<meta property=\"og:url\" content=\"http:\/\/melaniegerber.fr\/index.php\/documentaire-video\/\" \/>\n<meta property=\"og:site_name\" content=\"M\u00e9lanie Gerber\" \/>\n<meta property=\"article:publisher\" content=\"https:\/\/www.facebook.com\/lelafrite\/\" \/>\n<meta property=\"article:modified_time\" content=\"2025-12-18T14:33:07+00:00\" \/>\n<meta property=\"og:image\" content=\"http:\/\/melaniegerber.fr\/wp-content\/uploads\/2017\/10\/Capture-d\u2019\u00e9cran-2017-10-02-\u00e0-16.34.14.png\" \/>\n\t<meta property=\"og:image:width\" content=\"1259\" \/>\n\t<meta property=\"og:image:height\" content=\"693\" \/>\n\t<meta property=\"og:image:type\" content=\"image\/png\" \/>\n<meta name=\"twitter:card\" content=\"summary_large_image\" \/>\n<meta name=\"twitter:label1\" content=\"Dur\u00e9e de lecture estim\u00e9e\" \/>\n\t<meta name=\"twitter:data1\" content=\"1 minute\" \/>\n<script type=\"application\/ld+json\" class=\"yoast-schema-graph\">{\"@context\":\"https:\/\/schema.org\",\"@graph\":[{\"@type\":\"WebPage\",\"@id\":\"http:\/\/melaniegerber.fr\/index.php\/documentaire-video\/\",\"url\":\"http:\/\/melaniegerber.fr\/index.php\/documentaire-video\/\",\"name\":\"vid\u00e9o \u00e0 l'image documentaire - m\u00e9laniegerber\",\"isPartOf\":{\"@id\":\"http:\/\/melaniegerber.fr\/#website\"},\"datePublished\":\"2017-10-02T14:25:22+00:00\",\"dateModified\":\"2025-12-18T14:33:07+00:00\",\"description\":\"cr\u00e9ation musicale pour le cin\u00e9ma, la vid\u00e9o \u00e0 l'mage, le documentaire par M\u00e9lanie Gerber, compositrice musicale\",\"breadcrumb\":{\"@id\":\"http:\/\/melaniegerber.fr\/index.php\/documentaire-video\/#breadcrumb\"},\"inLanguage\":\"fr-FR\",\"potentialAction\":[{\"@type\":\"ReadAction\",\"target\":[\"http:\/\/melaniegerber.fr\/index.php\/documentaire-video\/\"]}]},{\"@type\":\"BreadcrumbList\",\"@id\":\"http:\/\/melaniegerber.fr\/index.php\/documentaire-video\/#breadcrumb\",\"itemListElement\":[{\"@type\":\"ListItem\",\"position\":1,\"name\":\"Accueil\",\"item\":\"http:\/\/melaniegerber.fr\/\"},{\"@type\":\"ListItem\",\"position\":2,\"name\":\"Musique \u00e0 l&rsquo;image\"}]},{\"@type\":\"WebSite\",\"@id\":\"http:\/\/melaniegerber.fr\/#website\",\"url\":\"http:\/\/melaniegerber.fr\/\",\"name\":\"M\u00e9lanie Gerber\",\"description\":\"auteure compositrice interpr\u00e8te\",\"potentialAction\":[{\"@type\":\"SearchAction\",\"target\":{\"@type\":\"EntryPoint\",\"urlTemplate\":\"http:\/\/melaniegerber.fr\/?s={search_term_string}\"},\"query-input\":\"required name=search_term_string\"}],\"inLanguage\":\"fr-FR\"}]}<\/script>\n<!-- \/ Yoast SEO plugin. -->","yoast_head_json":{"title":"vid\u00e9o \u00e0 l'image documentaire - m\u00e9laniegerber","description":"cr\u00e9ation musicale pour le cin\u00e9ma, la vid\u00e9o \u00e0 l'mage, le documentaire par M\u00e9lanie Gerber, compositrice musicale","robots":{"index":"index","follow":"follow","max-snippet":"max-snippet:-1","max-image-preview":"max-image-preview:large","max-video-preview":"max-video-preview:-1"},"canonical":"http:\/\/melaniegerber.fr\/index.php\/documentaire-video\/","og_locale":"fr_FR","og_type":"article","og_title":"vid\u00e9o \u00e0 l'image documentaire - m\u00e9laniegerber","og_description":"cr\u00e9ation musicale pour le cin\u00e9ma, la vid\u00e9o \u00e0 l'mage, le documentaire par M\u00e9lanie Gerber, compositrice musicale","og_url":"http:\/\/melaniegerber.fr\/index.php\/documentaire-video\/","og_site_name":"M\u00e9lanie Gerber","article_publisher":"https:\/\/www.facebook.com\/lelafrite\/","article_modified_time":"2025-12-18T14:33:07+00:00","og_image":[{"width":1259,"height":693,"url":"http:\/\/melaniegerber.fr\/wp-content\/uploads\/2017\/10\/Capture-d\u2019\u00e9cran-2017-10-02-\u00e0-16.34.14.png","type":"image\/png"}],"twitter_card":"summary_large_image","twitter_misc":{"Dur\u00e9e de lecture estim\u00e9e":"1 minute"},"schema":{"@context":"https:\/\/schema.org","@graph":[{"@type":"WebPage","@id":"http:\/\/melaniegerber.fr\/index.php\/documentaire-video\/","url":"http:\/\/melaniegerber.fr\/index.php\/documentaire-video\/","name":"vid\u00e9o \u00e0 l'image documentaire - m\u00e9laniegerber","isPartOf":{"@id":"http:\/\/melaniegerber.fr\/#website"},"datePublished":"2017-10-02T14:25:22+00:00","dateModified":"2025-12-18T14:33:07+00:00","description":"cr\u00e9ation musicale pour le cin\u00e9ma, la vid\u00e9o \u00e0 l'mage, le documentaire par M\u00e9lanie Gerber, compositrice musicale","breadcrumb":{"@id":"http:\/\/melaniegerber.fr\/index.php\/documentaire-video\/#breadcrumb"},"inLanguage":"fr-FR","potentialAction":[{"@type":"ReadAction","target":["http:\/\/melaniegerber.fr\/index.php\/documentaire-video\/"]}]},{"@type":"BreadcrumbList","@id":"http:\/\/melaniegerber.fr\/index.php\/documentaire-video\/#breadcrumb","itemListElement":[{"@type":"ListItem","position":1,"name":"Accueil","item":"http:\/\/melaniegerber.fr\/"},{"@type":"ListItem","position":2,"name":"Musique \u00e0 l&rsquo;image"}]},{"@type":"WebSite","@id":"http:\/\/melaniegerber.fr\/#website","url":"http:\/\/melaniegerber.fr\/","name":"M\u00e9lanie Gerber","description":"auteure compositrice interpr\u00e8te","potentialAction":[{"@type":"SearchAction","target":{"@type":"EntryPoint","urlTemplate":"http:\/\/melaniegerber.fr\/?s={search_term_string}"},"query-input":"required name=search_term_string"}],"inLanguage":"fr-FR"}]}},"_links":{"self":[{"href":"http:\/\/melaniegerber.fr\/index.php\/wp-json\/wp\/v2\/pages\/81","targetHints":{"allow":["GET"]}}],"collection":[{"href":"http:\/\/melaniegerber.fr\/index.php\/wp-json\/wp\/v2\/pages"}],"about":[{"href":"http:\/\/melaniegerber.fr\/index.php\/wp-json\/wp\/v2\/types\/page"}],"author":[{"embeddable":true,"href":"http:\/\/melaniegerber.fr\/index.php\/wp-json\/wp\/v2\/users\/1"}],"replies":[{"embeddable":true,"href":"http:\/\/melaniegerber.fr\/index.php\/wp-json\/wp\/v2\/comments?post=81"}],"version-history":[{"count":36,"href":"http:\/\/melaniegerber.fr\/index.php\/wp-json\/wp\/v2\/pages\/81\/revisions"}],"predecessor-version":[{"id":402,"href":"http:\/\/melaniegerber.fr\/index.php\/wp-json\/wp\/v2\/pages\/81\/revisions\/402"}],"wp:featuredmedia":[{"embeddable":true,"href":"http:\/\/melaniegerber.fr\/index.php\/wp-json\/wp\/v2\/media\/84"}],"wp:attachment":[{"href":"http:\/\/melaniegerber.fr\/index.php\/wp-json\/wp\/v2\/media?parent=81"}],"curies":[{"name":"wp","href":"https:\/\/api.w.org\/{rel}","templated":true}]}}

Musique à l&rsquo;image

<p><strong>Les contes des miracles</strong>, contes de Noël réalisés pour le département de la Moselle avec la <a href="https://www.facebook.com/profile.php?id=100073225847867">Cie des Miracles. </a></p>



<iframe loading="lazy" width="100%" height="450" scrolling="no" frameborder="no" allow="autoplay" src="https://w.soundcloud.com/player/?url=https%3A//api.soundcloud.com/playlists/2027103870&#038;color=%235656a1&#038;auto_play=false&#038;hide_related=false&#038;show_comments=true&#038;show_user=true&#038;show_reposts=false&#038;show_teaser=true"></iframe><div style="font-size: 10px; color: #cccccc;line-break: anywhere;word-break: normal;overflow: hidden;white-space: nowrap;text-overflow: ellipsis; font-family: Interstate,Lucida Grande,Lucida Sans Unicode,Lucida Sans,Garuda,Verdana,Tahoma,sans-serif;font-weight: 100;"><a href="https://soundcloud.com/user-984529584-741120565" title="melaniegerber" target="_blank" style="color: #cccccc; text-decoration: none;" rel="noopener">melaniegerber</a> · <a href="https://soundcloud.com/user-984529584-741120565/sets/les-contes-des-miracles" title="Les contes des miracles" target="_blank" style="color: #cccccc; text-decoration: none;" rel="noopener">Les contes des miracles</a></div>



<hr class="wp-block-separator has-css-opacity"/>



<strong>Le Sentier des Lanternes édition 2020 de Metz, en vidéo immersive à 360°.</strong>
<p><p>
<iframe loading="lazy" width="560" height="315" src="https://www.youtube.com/embed/jjeIFqDlbPs" frameborder="0" allow="accelerometer; autoplay; clipboard-write; encrypted-media; gyroscope; picture-in-picture" allowfullscreen></iframe></p>
<hr />


<strong>Une balade sur le Sentier des Lanternes imaginée par le Théâtre Dest et Olivier Dupuis.
Réalisation why.vision</strong>
<p><p>
<iframe loading="lazy" width="560" height="315" src="https://www.youtube.com/embed/LvwN7pp0-yg" frameborder="0" allow="accelerometer; autoplay; clipboard-write; encrypted-media; gyroscope; picture-in-picture" allowfullscreen></iframe></p>
<hr />


<strong>Vidéo présentée auprès de la commission d&rsquo;experts de l&rsquo;UNESCO pour le concours de Metz au titre de Patrimoine Mondial.</strong>
<p><p><iframe loading="lazy" src="https://www.youtube.com/embed/UCOja_4VYQc" width="560" height="315" frameborder="0" allowfullscreen="allowfullscreen" data-mce-fragment="1"></iframe></p>
<hr />

<p><strong>Création musicale pour le court métrage « Vaudeville »</strong>
<p><iframe loading="lazy" src="https://player.vimeo.com/video/193869194?dnt=1&amp;app_id=122963" width="790" height="444" frameborder="0" allow="autoplay; fullscreen; picture-in-picture; clipboard-write; encrypted-media; web-share" referrerpolicy="strict-origin-when-cross-origin"></iframe></p>
<p>par Hélène Abram &#8211; DOP Elie Girard &#8211; Prod La vie est Belle films</p>
<p></p><p></p>

<hr />
<p></p><p></p>
<strong>Habillages sonores pour un parcours numérique en audio guide avec support vidéo 3D. Sites Moselle Passion</strong>
<p></p>
<iframe loading="lazy" src="https://w.soundcloud.com/player/?url=https%3A//api.soundcloud.com/playlists/976024432&amp;color=%239e816e&amp;auto_play=false&amp;hide_related=false&amp;show_comments=true&amp;show_user=true&amp;show_reposts=false&amp;show_teaser=true" width="100%" height="450" frameborder="no" scrolling="no"></iframe></p>

<p>Les contes des miracles, contes de Noël réalisés pour le département de la Moselle avec la Cie des Miracles. melaniegerber · Les contes des miracles Le Sentier des Lanternes édition 2020 de Metz, en vidéo immersive à 360°. Une balade sur le Sentier des Lanternes imaginée par le Théâtre Dest et Olivier Dupuis. Réalisation why.vision&hellip; </p>

<!-- This site is optimized with the Yoast SEO plugin v20.8 - https://yoast.com/wordpress/plugins/seo/ -->
<title>vidéo à l&#039;image documentaire - mélaniegerber</title>
<meta name="description" content="création musicale pour le cinéma, la vidéo à l&#039;mage, le documentaire par Mélanie Gerber, compositrice musicale" />
<meta name="robots" content="index, follow, max-snippet:-1, max-image-preview:large, max-video-preview:-1" />
<link rel="canonical" href="http://melaniegerber.fr/index.php/documentaire-video/" />
<meta property="og:locale" content="fr_FR" />
<meta property="og:type" content="article" />
<meta property="og:title" content="vidéo à l&#039;image documentaire - mélaniegerber" />
<meta property="og:description" content="création musicale pour le cinéma, la vidéo à l&#039;mage, le documentaire par Mélanie Gerber, compositrice musicale" />
<meta property="og:url" content="http://melaniegerber.fr/index.php/documentaire-video/" />
<meta property="og:site_name" content="Mélanie Gerber" />
<meta property="article:publisher" content="https://www.facebook.com/lelafrite/" />
<meta property="article:modified_time" content="2025-12-18T14:33:07+00:00" />
<meta property="og:image" content="http://melaniegerber.fr/wp-content/uploads/2017/10/Capture-d’écran-2017-10-02-à-16.34.14.png" />
	<meta property="og:image:width" content="1259" />
	<meta property="og:image:height" content="693" />
	<meta property="og:image:type" content="image/png" />
<meta name="twitter:card" content="summary_large_image" />
<meta name="twitter:label1" content="Durée de lecture estimée" />
	<meta name="twitter:data1" content="1 minute" />
<script type="application/ld+json" class="yoast-schema-graph">{"@context":"https://schema.org","@graph":[{"@type":"WebPage","@id":"http://melaniegerber.fr/index.php/documentaire-video/","url":"http://melaniegerber.fr/index.php/documentaire-video/","name":"vidéo à l'image documentaire - mélaniegerber","isPartOf":{"@id":"http://melaniegerber.fr/#website"},"datePublished":"2017-10-02T14:25:22+00:00","dateModified":"2025-12-18T14:33:07+00:00","description":"création musicale pour le cinéma, la vidéo à l'mage, le documentaire par Mélanie Gerber, compositrice musicale","breadcrumb":{"@id":"http://melaniegerber.fr/index.php/documentaire-video/#breadcrumb"},"inLanguage":"fr-FR","potentialAction":[{"@type":"ReadAction","target":["http://melaniegerber.fr/index.php/documentaire-video/"]}]},{"@type":"BreadcrumbList","@id":"http://melaniegerber.fr/index.php/documentaire-video/#breadcrumb","itemListElement":[{"@type":"ListItem","position":1,"name":"Accueil","item":"http://melaniegerber.fr/"},{"@type":"ListItem","position":2,"name":"Musique à l&rsquo;image"}]},{"@type":"WebSite","@id":"http://melaniegerber.fr/#website","url":"http://melaniegerber.fr/","name":"Mélanie Gerber","description":"auteure compositrice interprète","potentialAction":[{"@type":"SearchAction","target":{"@type":"EntryPoint","urlTemplate":"http://melaniegerber.fr/?s={search_term_string}"},"query-input":"required name=search_term_string"}],"inLanguage":"fr-FR"}]}</script>
<!-- / Yoast SEO plugin. -->

vidéo à l'image documentaire - mélaniegerber

création musicale pour le cinéma, la vidéo à l'mage, le documentaire par Mélanie Gerber, compositrice musicale

Mélanie Gerber

http://melaniegerber.fr/wp-content/uploads/2017/10/Capture-d’écran-2017-10-02-à-16.34.14.png

auteure compositrice interprète
