{"id":148,"date":"2017-10-03T20:51:22","date_gmt":"2017-10-03T19:51:22","guid":{"rendered":"http:\/\/mel.yellowcox.fr\/?page_id=148"},"modified":"2025-12-18T15:38:13","modified_gmt":"2025-12-18T14:38:13","slug":"creations","status":"publish","type":"page","link":"http:\/\/melaniegerber.fr\/index.php\/creations\/","title":{"rendered":"Cr\u00e9ations"},"content":{"rendered":"\n<p class=\"has-medium-font-size\"><strong>Le Commun des Mortels #2<\/strong> \u00e0 l&rsquo;Arche, Villerupt.<\/p>\n\n\n\n<p>Performance chant\u00e9e costum\u00e9e dans un environnement vid\u00e9o mapp\u00e9.<\/p>\n\n\n\n<h6 class=\"wp-block-heading\">Voir l&rsquo;interview de M\u00e9lanie Gerber sur Riv54 \u00e0 2:40 en cliquant sur l&rsquo;image ci-dessous.<\/h6>\n\n\n\n<figure class=\"wp-block-image size-large\"><a href=\"https:\/\/l.facebook.com\/l.php?u=https%3A%2F%2Fwww.riv54tv.fr%2FVOD%2FJournal%2FJournal-23-mai-ytwxVbLKrZ.html%3Ffbclid%3DIwAR2Dq8SZyrt8oqnfPgAYC63Pai6EVa5ukXj_CgWV9tj41HwLXfAR_TaXZ70&amp;h=AT00lXRpQWkMv8ioNILYZCNkSOpBWcixnFQoJjpKJZKLymGuUxRnbQTlSyITHwbjljQ9uSsJperbCSmYIzI2tY7SL3SlistNg17KJfhvVR-a7H8OUQ9aQlSEAFaLsegKgVzKEKj4-w&amp;__tn__=H-R&amp;c[0]=AT26IWVymdIimMXD-PxVyPpglX8na_nw8ADfzN6LrIO0AiooNjZ6OOrXFYXp3IM_dy0GcfZebUw2zEIn6fOMVsS7jaUJ_Fnh2B-hSCPjzDBp_ZV859vP4fKfOZL6wTHTuTY-zqsHxevNXoQFoyUgx1IJ0cGOxkrKfxtEG1hbTRKF1ozFY2Ggp_XpLWd0MFNhmqRfWHnLo81uDA\"><img loading=\"lazy\" decoding=\"async\" width=\"1024\" height=\"768\" src=\"http:\/\/melaniegerber.fr\/wp-content\/uploads\/2023\/06\/IMG_4986-2-copie-1024x768.jpg\" alt=\"\" class=\"wp-image-342\" style=\"object-fit:cover\" srcset=\"http:\/\/melaniegerber.fr\/wp-content\/uploads\/2023\/06\/IMG_4986-2-copie-1024x768.jpg 1024w, http:\/\/melaniegerber.fr\/wp-content\/uploads\/2023\/06\/IMG_4986-2-copie-300x225.jpg 300w, http:\/\/melaniegerber.fr\/wp-content\/uploads\/2023\/06\/IMG_4986-2-copie-768x576.jpg 768w, http:\/\/melaniegerber.fr\/wp-content\/uploads\/2023\/06\/IMG_4986-2-copie-1536x1152.jpg 1536w, http:\/\/melaniegerber.fr\/wp-content\/uploads\/2023\/06\/IMG_4986-2-copie-2048x1536.jpg 2048w\" sizes=\"auto, (max-width: 1024px) 100vw, 1024px\" \/><\/a><\/figure>\n\n\n\n<hr class=\"wp-block-separator has-alpha-channel-opacity\"\/>\n\n\n<h4>L&rsquo;album L\u00e9La Frite<\/h4>\n<p><iframe loading=\"lazy\" src=\"https:\/\/open.spotify.com\/embed\/album\/6w1Zw88SZ2ShrfmYk3KXdb\" width=\"300\" height=\"380\" frameborder=\"0\"><\/iframe><\/p>\n<hr \/>\n<h4>Le Commun des Mortels<\/h4>\n<p>Performance. Apparition mystique en lieu de culte.\u00a0Basilique Saint-Vincent. Metz. Ao\u00fbt-Septembre 2015.<\/p>\n<p><span style=\"color: #707070; font-size: 16px; font-style: italic;\">\u00ab La performance prend ses racines dans un lointain pass\u00e9, m\u00ealant rituel, croyance et spectacle \u00bb<\/span><\/p>\n<p><iframe loading=\"lazy\" src=\"https:\/\/www.youtube.com\/embed\/CdtovzaIeB4?rel=0\" width=\"560\" height=\"315\" frameborder=\"0\" allowfullscreen=\"allowfullscreen\"><\/iframe><\/p>\n<hr \/>\n<h4>Le Mythe de L\u00e9La Frite K\u00e2li<\/h4>\n<p>Spectacle musical tout public.<\/p>\n<p><iframe loading=\"lazy\" src=\"https:\/\/www.youtube.com\/embed\/HH955Q6sNfo?rel=0\" width=\"560\" height=\"315\" frameborder=\"0\" allowfullscreen=\"allowfullscreen\"><\/iframe><\/p>\n\n\n<p><\/p>\n","protected":false},"excerpt":{"rendered":"<p>Le Commun des Mortels #2 \u00e0 l&rsquo;Arche, Villerupt. Performance chant\u00e9e costum\u00e9e dans un environnement vid\u00e9o mapp\u00e9. Voir l&rsquo;interview de M\u00e9lanie Gerber sur Riv54 \u00e0 2:40 en cliquant sur l&rsquo;image ci-dessous. L&rsquo;album L\u00e9La Frite Le Commun des Mortels Performance. Apparition mystique en lieu de culte.\u00a0Basilique Saint-Vincent. Metz. Ao\u00fbt-Septembre 2015. \u00ab La performance prend ses racines dans&hellip; <\/p>\n","protected":false},"author":1,"featured_media":0,"parent":0,"menu_order":0,"comment_status":"closed","ping_status":"closed","template":"","meta":{"footnotes":""},"class_list":["post-148","page","type-page","status-publish","hentry"],"yoast_head":"<!-- This site is optimized with the Yoast SEO plugin v20.8 - https:\/\/yoast.com\/wordpress\/plugins\/seo\/ -->\n<title>Cr\u00e9ations - M\u00e9lanie Gerber<\/title>\n<meta name=\"robots\" content=\"index, follow, max-snippet:-1, max-image-preview:large, max-video-preview:-1\" \/>\n<link rel=\"canonical\" href=\"http:\/\/melaniegerber.fr\/index.php\/creations\/\" \/>\n<meta property=\"og:locale\" content=\"fr_FR\" \/>\n<meta property=\"og:type\" content=\"article\" \/>\n<meta property=\"og:title\" content=\"Cr\u00e9ations - M\u00e9lanie Gerber\" \/>\n<meta property=\"og:description\" content=\"Le Commun des Mortels #2 \u00e0 l&rsquo;Arche, Villerupt. Performance chant\u00e9e costum\u00e9e dans un environnement vid\u00e9o mapp\u00e9. Voir l&rsquo;interview de M\u00e9lanie Gerber sur Riv54 \u00e0 2:40 en cliquant sur l&rsquo;image ci-dessous. L&rsquo;album L\u00e9La Frite Le Commun des Mortels Performance. Apparition mystique en lieu de culte.\u00a0Basilique Saint-Vincent. Metz. Ao\u00fbt-Septembre 2015. \u00ab La performance prend ses racines dans&hellip;\" \/>\n<meta property=\"og:url\" content=\"http:\/\/melaniegerber.fr\/index.php\/creations\/\" \/>\n<meta property=\"og:site_name\" content=\"M\u00e9lanie Gerber\" \/>\n<meta property=\"article:publisher\" content=\"https:\/\/www.facebook.com\/lelafrite\/\" \/>\n<meta property=\"article:modified_time\" content=\"2025-12-18T14:38:13+00:00\" \/>\n<meta property=\"og:image\" content=\"http:\/\/melaniegerber.fr\/wp-content\/uploads\/2023\/06\/IMG_4986-2-copie-1024x768.jpg\" \/>\n<meta name=\"twitter:card\" content=\"summary_large_image\" \/>\n<meta name=\"twitter:label1\" content=\"Dur\u00e9e de lecture estim\u00e9e\" \/>\n\t<meta name=\"twitter:data1\" content=\"1 minute\" \/>\n<script type=\"application\/ld+json\" class=\"yoast-schema-graph\">{\"@context\":\"https:\/\/schema.org\",\"@graph\":[{\"@type\":\"WebPage\",\"@id\":\"http:\/\/melaniegerber.fr\/index.php\/creations\/\",\"url\":\"http:\/\/melaniegerber.fr\/index.php\/creations\/\",\"name\":\"Cr\u00e9ations - M\u00e9lanie Gerber\",\"isPartOf\":{\"@id\":\"http:\/\/melaniegerber.fr\/#website\"},\"datePublished\":\"2017-10-03T19:51:22+00:00\",\"dateModified\":\"2025-12-18T14:38:13+00:00\",\"breadcrumb\":{\"@id\":\"http:\/\/melaniegerber.fr\/index.php\/creations\/#breadcrumb\"},\"inLanguage\":\"fr-FR\",\"potentialAction\":[{\"@type\":\"ReadAction\",\"target\":[\"http:\/\/melaniegerber.fr\/index.php\/creations\/\"]}]},{\"@type\":\"BreadcrumbList\",\"@id\":\"http:\/\/melaniegerber.fr\/index.php\/creations\/#breadcrumb\",\"itemListElement\":[{\"@type\":\"ListItem\",\"position\":1,\"name\":\"Accueil\",\"item\":\"http:\/\/melaniegerber.fr\/\"},{\"@type\":\"ListItem\",\"position\":2,\"name\":\"Cr\u00e9ations\"}]},{\"@type\":\"WebSite\",\"@id\":\"http:\/\/melaniegerber.fr\/#website\",\"url\":\"http:\/\/melaniegerber.fr\/\",\"name\":\"M\u00e9lanie Gerber\",\"description\":\"auteure compositrice interpr\u00e8te\",\"potentialAction\":[{\"@type\":\"SearchAction\",\"target\":{\"@type\":\"EntryPoint\",\"urlTemplate\":\"http:\/\/melaniegerber.fr\/?s={search_term_string}\"},\"query-input\":\"required name=search_term_string\"}],\"inLanguage\":\"fr-FR\"}]}<\/script>\n<!-- \/ Yoast SEO plugin. -->","yoast_head_json":{"title":"Cr\u00e9ations - M\u00e9lanie Gerber","robots":{"index":"index","follow":"follow","max-snippet":"max-snippet:-1","max-image-preview":"max-image-preview:large","max-video-preview":"max-video-preview:-1"},"canonical":"http:\/\/melaniegerber.fr\/index.php\/creations\/","og_locale":"fr_FR","og_type":"article","og_title":"Cr\u00e9ations - M\u00e9lanie Gerber","og_description":"Le Commun des Mortels #2 \u00e0 l&rsquo;Arche, Villerupt. Performance chant\u00e9e costum\u00e9e dans un environnement vid\u00e9o mapp\u00e9. Voir l&rsquo;interview de M\u00e9lanie Gerber sur Riv54 \u00e0 2:40 en cliquant sur l&rsquo;image ci-dessous. L&rsquo;album L\u00e9La Frite Le Commun des Mortels Performance. Apparition mystique en lieu de culte.\u00a0Basilique Saint-Vincent. Metz. Ao\u00fbt-Septembre 2015. \u00ab La performance prend ses racines dans&hellip;","og_url":"http:\/\/melaniegerber.fr\/index.php\/creations\/","og_site_name":"M\u00e9lanie Gerber","article_publisher":"https:\/\/www.facebook.com\/lelafrite\/","article_modified_time":"2025-12-18T14:38:13+00:00","og_image":[{"url":"http:\/\/melaniegerber.fr\/wp-content\/uploads\/2023\/06\/IMG_4986-2-copie-1024x768.jpg"}],"twitter_card":"summary_large_image","twitter_misc":{"Dur\u00e9e de lecture estim\u00e9e":"1 minute"},"schema":{"@context":"https:\/\/schema.org","@graph":[{"@type":"WebPage","@id":"http:\/\/melaniegerber.fr\/index.php\/creations\/","url":"http:\/\/melaniegerber.fr\/index.php\/creations\/","name":"Cr\u00e9ations - M\u00e9lanie Gerber","isPartOf":{"@id":"http:\/\/melaniegerber.fr\/#website"},"datePublished":"2017-10-03T19:51:22+00:00","dateModified":"2025-12-18T14:38:13+00:00","breadcrumb":{"@id":"http:\/\/melaniegerber.fr\/index.php\/creations\/#breadcrumb"},"inLanguage":"fr-FR","potentialAction":[{"@type":"ReadAction","target":["http:\/\/melaniegerber.fr\/index.php\/creations\/"]}]},{"@type":"BreadcrumbList","@id":"http:\/\/melaniegerber.fr\/index.php\/creations\/#breadcrumb","itemListElement":[{"@type":"ListItem","position":1,"name":"Accueil","item":"http:\/\/melaniegerber.fr\/"},{"@type":"ListItem","position":2,"name":"Cr\u00e9ations"}]},{"@type":"WebSite","@id":"http:\/\/melaniegerber.fr\/#website","url":"http:\/\/melaniegerber.fr\/","name":"M\u00e9lanie Gerber","description":"auteure compositrice interpr\u00e8te","potentialAction":[{"@type":"SearchAction","target":{"@type":"EntryPoint","urlTemplate":"http:\/\/melaniegerber.fr\/?s={search_term_string}"},"query-input":"required name=search_term_string"}],"inLanguage":"fr-FR"}]}},"_links":{"self":[{"href":"http:\/\/melaniegerber.fr\/index.php\/wp-json\/wp\/v2\/pages\/148","targetHints":{"allow":["GET"]}}],"collection":[{"href":"http:\/\/melaniegerber.fr\/index.php\/wp-json\/wp\/v2\/pages"}],"about":[{"href":"http:\/\/melaniegerber.fr\/index.php\/wp-json\/wp\/v2\/types\/page"}],"author":[{"embeddable":true,"href":"http:\/\/melaniegerber.fr\/index.php\/wp-json\/wp\/v2\/users\/1"}],"replies":[{"embeddable":true,"href":"http:\/\/melaniegerber.fr\/index.php\/wp-json\/wp\/v2\/comments?post=148"}],"version-history":[{"count":13,"href":"http:\/\/melaniegerber.fr\/index.php\/wp-json\/wp\/v2\/pages\/148\/revisions"}],"predecessor-version":[{"id":406,"href":"http:\/\/melaniegerber.fr\/index.php\/wp-json\/wp\/v2\/pages\/148\/revisions\/406"}],"wp:attachment":[{"href":"http:\/\/melaniegerber.fr\/index.php\/wp-json\/wp\/v2\/media?parent=148"}],"curies":[{"name":"wp","href":"https:\/\/api.w.org\/{rel}","templated":true}]}}

Créations

<p class="has-medium-font-size"><strong>Le Commun des Mortels #2</strong> à l&rsquo;Arche, Villerupt.</p>



<p>Performance chantée costumée dans un environnement vidéo mappé.</p>



<h6 class="wp-block-heading">Voir l&rsquo;interview de Mélanie Gerber sur Riv54 à 2:40 en cliquant sur l&rsquo;image ci-dessous.</h6>



<figure class="wp-block-image size-large"><a href="https://l.facebook.com/l.php?u=https%3A%2F%2Fwww.riv54tv.fr%2FVOD%2FJournal%2FJournal-23-mai-ytwxVbLKrZ.html%3Ffbclid%3DIwAR2Dq8SZyrt8oqnfPgAYC63Pai6EVa5ukXj_CgWV9tj41HwLXfAR_TaXZ70&amp;h=AT00lXRpQWkMv8ioNILYZCNkSOpBWcixnFQoJjpKJZKLymGuUxRnbQTlSyITHwbjljQ9uSsJperbCSmYIzI2tY7SL3SlistNg17KJfhvVR-a7H8OUQ9aQlSEAFaLsegKgVzKEKj4-w&amp;__tn__=H-R&amp;c[0]=AT26IWVymdIimMXD-PxVyPpglX8na_nw8ADfzN6LrIO0AiooNjZ6OOrXFYXp3IM_dy0GcfZebUw2zEIn6fOMVsS7jaUJ_Fnh2B-hSCPjzDBp_ZV859vP4fKfOZL6wTHTuTY-zqsHxevNXoQFoyUgx1IJ0cGOxkrKfxtEG1hbTRKF1ozFY2Ggp_XpLWd0MFNhmqRfWHnLo81uDA"><img loading="lazy" decoding="async" width="1024" height="768" src="http://melaniegerber.fr/wp-content/uploads/2023/06/IMG_4986-2-copie-1024x768.jpg" alt="" class="wp-image-342" style="object-fit:cover" srcset="http://melaniegerber.fr/wp-content/uploads/2023/06/IMG_4986-2-copie-1024x768.jpg 1024w, http://melaniegerber.fr/wp-content/uploads/2023/06/IMG_4986-2-copie-300x225.jpg 300w, http://melaniegerber.fr/wp-content/uploads/2023/06/IMG_4986-2-copie-768x576.jpg 768w, http://melaniegerber.fr/wp-content/uploads/2023/06/IMG_4986-2-copie-1536x1152.jpg 1536w, http://melaniegerber.fr/wp-content/uploads/2023/06/IMG_4986-2-copie-2048x1536.jpg 2048w" sizes="auto, (max-width: 1024px) 100vw, 1024px" /></a></figure>



<hr class="wp-block-separator has-alpha-channel-opacity"/>


<h4>L&rsquo;album LéLa Frite</h4>
<p><iframe loading="lazy" src="https://open.spotify.com/embed/album/6w1Zw88SZ2ShrfmYk3KXdb" width="300" height="380" frameborder="0"></iframe></p>
<hr />
<h4>Le Commun des Mortels</h4>
<p>Performance. Apparition mystique en lieu de culte. Basilique Saint-Vincent. Metz. Août-Septembre 2015.</p>
<p><span style="color: #707070; font-size: 16px; font-style: italic;">« La performance prend ses racines dans un lointain passé, mêlant rituel, croyance et spectacle »</span></p>
<p><iframe loading="lazy" src="https://www.youtube.com/embed/CdtovzaIeB4?rel=0" width="560" height="315" frameborder="0" allowfullscreen="allowfullscreen"></iframe></p>
<hr />
<h4>Le Mythe de LéLa Frite Kâli</h4>
<p>Spectacle musical tout public.</p>
<p><iframe loading="lazy" src="https://www.youtube.com/embed/HH955Q6sNfo?rel=0" width="560" height="315" frameborder="0" allowfullscreen="allowfullscreen"></iframe></p>


<p></p>

<p>Le Commun des Mortels #2 à l&rsquo;Arche, Villerupt. Performance chantée costumée dans un environnement vidéo mappé. Voir l&rsquo;interview de Mélanie Gerber sur Riv54 à 2:40 en cliquant sur l&rsquo;image ci-dessous. L&rsquo;album LéLa Frite Le Commun des Mortels Performance. Apparition mystique en lieu de culte. Basilique Saint-Vincent. Metz. Août-Septembre 2015. « La performance prend ses racines dans&hellip; </p>

<!-- This site is optimized with the Yoast SEO plugin v20.8 - https://yoast.com/wordpress/plugins/seo/ -->
<title>Créations - Mélanie Gerber</title>
<meta name="robots" content="index, follow, max-snippet:-1, max-image-preview:large, max-video-preview:-1" />
<link rel="canonical" href="http://melaniegerber.fr/index.php/creations/" />
<meta property="og:locale" content="fr_FR" />
<meta property="og:type" content="article" />
<meta property="og:title" content="Créations - Mélanie Gerber" />
<meta property="og:description" content="Le Commun des Mortels #2 à l&rsquo;Arche, Villerupt. Performance chantée costumée dans un environnement vidéo mappé. Voir l&rsquo;interview de Mélanie Gerber sur Riv54 à 2:40 en cliquant sur l&rsquo;image ci-dessous. L&rsquo;album LéLa Frite Le Commun des Mortels Performance. Apparition mystique en lieu de culte. Basilique Saint-Vincent. Metz. Août-Septembre 2015. « La performance prend ses racines dans&hellip;" />
<meta property="og:url" content="http://melaniegerber.fr/index.php/creations/" />
<meta property="og:site_name" content="Mélanie Gerber" />
<meta property="article:publisher" content="https://www.facebook.com/lelafrite/" />
<meta property="article:modified_time" content="2025-12-18T14:38:13+00:00" />
<meta property="og:image" content="http://melaniegerber.fr/wp-content/uploads/2023/06/IMG_4986-2-copie-1024x768.jpg" />
<meta name="twitter:card" content="summary_large_image" />
<meta name="twitter:label1" content="Durée de lecture estimée" />
	<meta name="twitter:data1" content="1 minute" />
<script type="application/ld+json" class="yoast-schema-graph">{"@context":"https://schema.org","@graph":[{"@type":"WebPage","@id":"http://melaniegerber.fr/index.php/creations/","url":"http://melaniegerber.fr/index.php/creations/","name":"Créations - Mélanie Gerber","isPartOf":{"@id":"http://melaniegerber.fr/#website"},"datePublished":"2017-10-03T19:51:22+00:00","dateModified":"2025-12-18T14:38:13+00:00","breadcrumb":{"@id":"http://melaniegerber.fr/index.php/creations/#breadcrumb"},"inLanguage":"fr-FR","potentialAction":[{"@type":"ReadAction","target":["http://melaniegerber.fr/index.php/creations/"]}]},{"@type":"BreadcrumbList","@id":"http://melaniegerber.fr/index.php/creations/#breadcrumb","itemListElement":[{"@type":"ListItem","position":1,"name":"Accueil","item":"http://melaniegerber.fr/"},{"@type":"ListItem","position":2,"name":"Créations"}]},{"@type":"WebSite","@id":"http://melaniegerber.fr/#website","url":"http://melaniegerber.fr/","name":"Mélanie Gerber","description":"auteure compositrice interprète","potentialAction":[{"@type":"SearchAction","target":{"@type":"EntryPoint","urlTemplate":"http://melaniegerber.fr/?s={search_term_string}"},"query-input":"required name=search_term_string"}],"inLanguage":"fr-FR"}]}</script>
<!-- / Yoast SEO plugin. -->

Créations - Mélanie Gerber

Le Commun des Mortels #2 à l&rsquo;Arche, Villerupt. Performance chantée costumée dans un environnement vidéo mappé. Voir l&rsquo;interview de Mélanie Gerber sur Riv54 à 2:40 en cliquant sur l&rsquo;image ci-dessous. L&rsquo;album LéLa Frite Le Commun des Mortels Performance. Apparition mystique en lieu de culte. Basilique Saint-Vincent. Metz. Août-Septembre 2015. « La performance prend ses racines dans&hellip;

Mélanie Gerber

auteure compositrice interprète
